).
5
Let s(k) = k + 10. Let r be s(-8). Let h(f) = 191 + 3*f - 193 + 0*f + 0*f. What is h(r)?
4
Let o be (182/3)/(30/45). Let q be 13/o - (-26)/14. Let a(g) = -g - 4*g + 2*g**2 - 4*g**2 + 3*g**q. Give a(4).
-4
Let f(n) = -6*n**3 + 13 + n**3 - 9 - 3*n**2 - n + 4*n**3 + 2*n**3. What is f(2)?
-2
Let m(k) = -5*k + 9*k - k**3 - 3 - 5*k + 4*k**2 - 2. Let j be 49/(-14)*16/(-14). Give m(j).
-9
Let i(y) = -y**3 + 4*y**2 + 4*y - 23. Let g be i(4). Let j(r) = -r**2 - 4*r - 1. Determine j(g).
-22
Let t(z) be the third derivative of z**4/8 + 13*z**3/3 + z**2 + 458*z. What is t(-6)?
8
Let o = -267 - -376. Let a(h) = 55 - 4*h + 55 - o. What is a(-2)?
9
Let i(s) = 2*s + 7 + 10 + 3*s - 7. Let a(d) = -d**2 - d + 1. Let t(j) = -a(j) + i(j). Suppose -m = -4*m - 18. Determine t(m).
9
Let s(c) = c**3 + 22*c**2 - 49*c - 15. Let k be ((-72)/(-4))/(-3)*(-5 + 9). What is s(k)?
9
Let p(b) = 3*b + 24. Suppose 0 = 8*n - 10*n - 4*k - 2, -5*n - 23 = 4*k. Give p(n).
3
Let v(c) = -c**3 - 6*c**2 + 6. Let s be (-13 + 14)*(1 + 3 + -8). Give v(s).
-26
Let x(t) = 12*t**2 + 14 - 19*t - 21*t**2 - 4 + 5*t**2 + 5*t**2. Give x(18).
-8
Let w(i) = 3*i - 7. Let y(f) = -2*f + 8. Let d(c) = 5*w(c) + 4*y(c). Give d(2).
11
Let y(b) be the first derivative of 3*b**2/2 + 27*b - 62. Calculate y(-11).
-6
Let w(n) = -13*n**2 - 13*n + 7. Suppose 8*q + q = -81. Let t(z) = -3*z**2 - 3*z + 2. Let u(m) = q*t(m) + 2*w(m). Determine u(-3).
2
Suppose -25 = 5*o, -4*l = 2*o + 53 + 13. Let m(d) = d**2 + 15*d + 11. Determine m(l).
-3
Let t(q) be the third derivative of q**6/120 - 7*q**5/60 + q**4/12 - q**3/2 + 2*q**2 - 3. What is t(6)?
-27
Let r(c) = 22*c**2 + 82*c + 2. Let p(h) = 7*h**2 + 26*h + 1. Let j(b) = -16*p(b) + 5*r(b). Give j(-3).
-6
Let l(i) = -i - 8. Let h be l(2). Let y = 14 + h. Let t(s) be the third derivative of -s**4/8 + s**3/6 - 2*s**2. What is t(y)?
-11
Let m be (-3*(-1)/(-6)*-4)/(-1). Let s = 4 - 4. Let d = m - s. Let l(x) = x**3 - x**2 - x + 2. Calculate l(d).
-8
Let j(d) = 49*d - 19. Let m(z) = 17*z - 7. Let b(k) = 3*j(k) - 8*m(k). Calculate b(-1).
-12
Let t(d) = -d**2 - 5*d - 4. Let z(r) = -4 - 9*r + 3*r + 2*r - r**2. Let k(v) = -3*t(v) + 4*z(v). Give k(-3).
-10
Let t(f) = f**3 - 6*f**2 - 8*f + 8. Suppose -8*i - 6 = -62. Give t(i).
1
Let g = -242 + 1453/6. Let c(u) be the second derivative of 0*u**2 - 1/10*u**5 - 4*u - g*u**3 - 1/12*u**4 + 0. Give c(-1).
2
Let x(i) = -i**3 - 5*i**2 + 2*i + 7. Suppose 0 = 5*q + 15, q + 63 = -2*u + 48. Determine x(u).
31
Let m(y) be the first derivative of -3*y**2/2 + y - 2. Suppose -75*p + 70*p = 30. Calculate m(p).
19
Let h(m) = m**3 - 3*m**2 + 2*m - 1. Suppose -j - 5 = -5*b, b - 28 + 1 = -5*j. What is h(b)?
-1
Let u(n) be the second derivative of -n**3/3 - 35*n**2/2 - 278*n. Determine u(-15).
-5
Suppose 5*m = -3*v + 11, -3*v - 3*m = -8*v + 7. Let q(h) = -11*h**3 - 2*h**2 + 2*h**2 - h**3 + 11*h**3 - 2 + h. What is q(v)?
-8
Suppose -2*o + 2*k - 104 = 2*o, 125 = -5*o + 5*k. Let f = -22 - o. Let i(d) be the first derivative of d**4/4 - 5*d**3/3 + 3*d + 2. Give i(f).
3
Let f(u) = u**2 - 10*u - 10. Let h be f(11). Let n(p) be the first derivative of 0*p + 1 - 1/2*p**2. Calculate n(h).
-1
Let f = 33 + -29. Let h(c) = c**3 + 6*c**2 - 4*c. Let q(n) = -n**3 - 7*n**2 + 5*n. Let s(t) = f*h(t) + 3*q(t). Give s(-3).
3
Suppose -4*y - f + 23 = 0, -2*y + 4*f = -0*y + 2. Suppose -4*h + 11 = y*r - 1, -4*r - 12 = -4*h. Let v(k) = 4*k + 0*k - 2*k - 5*k**2 - h*k. Calculate v(-2).
-18
Let p(m) be the second derivative of 0*m**4 + 12*m + 1/10*m**5 + 1/2*m**2 + 0*m**3 + 0. Suppose 11*o + 2 = 13*o. Calculate p(o).
3
Let u = -7 + 10. Suppose -u*l = -7*l + 24. Let g(j) = -j**3 + 6*j**2 - 2*j + 7. What is g(l)?
-5
Let b(v) = -2*v - 6. Let i(r) = -r - 4. Let y(t) = 3*b(t) - 5*i(t). Calculate y(7).
-5
Let r(g) = 0*g + 6*g + 5 - 7*g - 3 + 2*g. Suppose 10 = h + 4. Calculate r(h).
8
Let b(l) = 2*l + 4. Let a(w) = w**2 - 4*w. Let u be a(4). Let h be u + -4*(-10)/8. Determine b(h).
14
Let v(y) = 28*y**3 + y**2 - 2*y + 1. Let u be (-9)/21 - 370/35. Let l = u + 12. Determine v(l).
28
Let y(q) = 8*q + 148. Let z be y(-18). Let m(j) = -j**3 + 4*j**2 + 3*j + 1. Give m(z).
13
Let h be 1*-6*6/(-9). Let r(u) = -7 - 4*u + 5 + h - 3*u. Calculate r(4).
-26
Suppose -2*r + 2*w + 10 = -0*r, 0 = 3*r + 5*w - 31. Let v(a) = -3*a**2 - 2*a**2 - a + a**3 - r + 3*a. Let n be 6/8 - 51/(-12). Give v(n).
3
Let p be (15/10)/(-1 - 3/(-2)). Suppose p*b + 24 = -0*b. Let y(c) = -c**2 - 10*c - 7. Calculate y(b).
9
Let o = 277 - 272. Let h(m) = m**2 - 3*m + 3. What is h(o)?
13
Let x(r) = 3*r**2 - r - 1. Let z = -13 + 11. Let c(j) = 2*j - 5*j**2 + 2 - 3*j**2 - 3*j**2 + 5*j**2. Let o(l) = z*c(l) - 5*x(l). Calculate o(2).
-9
Let r(w) = -w + 6. Suppose -6*n + 54*n - 384 = 0. Determine r(n).
-2
Let j(a) = a**2 + 4*a - 23. Let v(s) = s**2 + 3*s - 24. Let c(n) = 2*j(n) - 3*v(n). Give c(0).
26
Let n(d) = d + 11. Let q(m) = 4*m + 51. Let z(j) = 11*n(j) - 2*q(j). What is z(-12)?
-17
Let h(q) = 0*q**2 + q**2 - 218 + 108 + 109 - 2*q. Suppose 2 + 4 = -3*b. Let c be (b/5)/((-1)/10). Determine h(c).
7
Let o(h) be the second derivative of -h**4/6 + h**3/6 + 3*h**2/2 + 50*h - 1. Suppose l - 12 = -w, 3*w - 5*l = 2 - 6. Let f = w + -4. Determine o(f).
-12
Let q(l) = l**3 + 2*l**2 - 3*l + 4. Let p = -19 - -37. Let x = p - 5. Suppose 0 = -2*o + 8, 0 = a + 2*o + 2*o - x. Determine q(a).
4
Let k(y) = 9*y**2 + 3*y - 2. Let h be 20/16*4*2/5. Give k(h).
40
Suppose -2*q - 1 - 7 = 0. Let l(x) = -x**2 + 5. Let f(a) = a**2 + a - 4. Let y(o) = 6*f(o) + 5*l(o). What is y(q)?
-7
Suppose 64 = 2*c + 82. Let i(f) = -2*f**2 - 17*f + 2. Calculate i(c).
-7
Let c(l) = 20*l**2 - 4*l + 10. Let z(w) = 6 - 7*w**2 + w - 9 + 0*w. Let o(p) = -6*c(p) - 17*z(p). Calculate o(6).
-3
Suppose -12*t = -10*t - 6. Let i(g) = -3*g**3 - g**3 - g + 0 - 1 - 9*g**t. Give i(-1).
13
Suppose -81 = -3*g + d - 91, -2*d - 4 = 0. Let k(i) = 2*i**2 + 6*i + 2. Calculate k(g).
10
Let x(t) be the first derivative of t**4/4 + 2*t**3 - 3*t**2 + 6*t + 119. What is x(-7)?
-1
Let g = -4 - -2. Let f(o) = -2*o - 1953*o**2 + 1952*o**2 + o**3 + o. Calculate f(g).
-10
Suppose 0 = d + 4*d + 3*i + 21, -3*d - i - 11 = 0. Let b(n) = -n**2 - 2*n + 2. Let o be b(1). Let c be o/(32/10 + d). Let t(q) = -q + 3. Give t(c).
8
Suppose 0 = -2*i + 6 + 6. Let b(y) = y**2 - 5*y - 7. Give b(i).
-1
Let d be 0/(7/21 - 8/(-12)). Let z(r) = 6 - r**2 - 2*r + 2*r + r**3 + r. Calculate z(d).
6
Let c(x) be the second derivative of -x**4/12 - x**3/6 - x**2 + 88*x. Determine c(-4).
-14
Suppose -1 + 5 = 2*p. Suppose 6 = 2*x + p. Suppose x*o + 24 = -2*o. Let r(c) = -c**3 - 6*c**2 - 4. Determine r(o).
-4
Let c(u) = -u**2 - 477*u + 477*u + 1. Calculate c(4).
-15
Let w(p) be the first derivative of -p**3/3 - 13*p**2/2 + 18*p + 144. What is w(-14)?
4
Let w(m) = -9*m**2 + m. Let u(j) = -2*j + 28. Let a be u(7). Suppose -8*x + a*x = 6. Calculate w(x).
-8
Let m be ((-21)/12)/(1/(-28)). Let a = -41 + m. Let d(o) = o**3 - 7*o**2 - 7*o + 2. Calculate d(a).
10
Let f(v) = v**3 + v**2 - 4. Let j = 39 - 39. Let x be f(j). Let b(m) be the first derivative of m**2/2 + 6*m + 1. Give b(x).
2
Let t(l) = 6 + 6 + l + 4. Calculate t(-12).
4
Let r(m) = 5*m + 5. Let v(f) = -6*f - 6. Let g(t) = 5*r(t) + 4*v(t). Let o be g(4). Let k(n) = -3*n - n**2 - 1 + 1 + o. Determine k(-4).
1
Suppose 0 = -5*z + 2*t - 4, 3*z + t - 2 = -z. Let i = -2 + z. Let y be 0 + (i - 0/(-2)). Let b(a) = 3*a + 1. Determine b(y).
-5
Let u(o) = -o**3 + 6*o**2 + 6*o + 10. Let l(v) = -v**3 - 10*v**2 - 10*v - 2. Suppose 0 = 2*x - 26. Let n = x - 22. Let a be l(n). Give u(a).
3
Let r(z) = -7*z**3 + 3*z**2 + z - 4*z**2 - z**2 + z**2. Let d = 38 - 37. Give r(d).
-7
Let c(z) = 6 + 192*z - 577*z + 192*z + 195*z. Determine c(-5).
-4
Let u(l) = 1193*l**2 + 0 + 4 - 6*l + l**3 - 1199*l**2. Give u(7).
11
Let m(x) = -x - 5. Let f = 2 + 3. Suppose f*h - 2*u + 30 = 0, 0*u - u - 3 = 2*h. Determine m(h).
-1
Let x(y) = -y + 1. Suppose 19*q + 132 = 208. What is x(q)?
-3
Let i(u) = 3*u**3 + 5*u + u**2 - 4*u**3 + u**2 - 3 + 0*u**2. Let v be 3/(9/6) + -14. Let l = 15 + v. What is i(l)?
3
Let b(s) be the second derivative of -3*s**3/2 - s**2/2 + 9*s. Let i be (-2 - 0)/(2*1). Calculate b(i).
8
Let q(m) be the second derivative of -m**3/3 - 11*m**2/2 - 91*m. Determine q(-8).
5
Let c(a) = -9 + 3*a**2 